What is v(-101)?
868
Let q(p) = 15*p**3 + 6*p**2 - 41*p + 10. Determine q(4).
902
Let j(v) = -1164*v + 14036. Calculate j(14).
-2260
Let k(q) = -1154*q + 51659. Give k(45).
-271
Let m(t) = 57*t**2 - 386*t + 57. Determine m(6).
-207
Let y(n) = -3194*n + 28500. Give y(9).
-246
Let v(x) = 3*x**2 - 1614*x - 36577. Give v(-23).
2132
Let h(i) = -34*i**2 + 340*i + 520. What is h(11)?
146
Let h(c) = -932*c + 52052. Give h(56).
-140
Let j(i) = -2216*i + 15541. Calculate j(7).
29
Let z(y) = -896*y + 70780. Calculate z(79).
-4
Let d(p) = -42504*p + 17. Calculate d(0).
17
Let s(t) = 418*t - 924. What is s(-2)?
-1760
Let i(u) = 65402*u + 1373441. Calculate i(-21).
-1
Let o(d) = -d**3 + 31*d**2 + 2307*d + 203. Give o(66).
5
Let a(z) = 7*z**2 + 31543*z - 126223. Determine a(4).
61
Let y(c) = -c**3 - 14*c**2 - 232*c - 4233. Calculate y(-16).
-9
Let p(k) = -2*k**3 + 4*k**2 - 2297*k + 24571. What is p(10)?
1
Let y(j) = 606*j - 34922. Determine y(59).
832
Let b(a) = 2*a**3 - 34*a**2 - 2*a + 479. Give b(16).
-65
Let d(v) = -272*v + 294. What is d(-2)?
838
Let w(x) = -896*x**2 + 2586*x + 306. Determine w(3).
0
Let h(k) = -2122*k - 165568. Determine h(-78).
-52
Let f(h) = h**2 - 6464*h - 38818. Give f(-6).
2
Let z(b) = -35*b**3 + 17*b**2 - 121*b - 356. Calculate z(-3).
1105
Let t(j) = -j**3 - 368*j**2 - 37*j - 13596. Calculate t(-368).
20
Let t(w) = -w**3 + 44*w**2 + 267*w + 275. What is t(-4)?
-25
Let b(c) = -3*c**3 - 38*c**2 - 149*c - 1551. Determine b(-13).
555
Let b(v) = 7*v**2 - 994*v - 62195. What is b(-47)?
-14
Let v(z) = -53*z**2 + 784*z - 3158. What is v(4)?
-870
Let a(o) = 251*o - 19321. What is a(78)?
257
Let s(k) = -k**3 + 425*k**2 + 9426*k + 1261. Determine s(-21).
1
Let q(z) = 2259*z - 101790. Determine q(45).
-135
Let t(j) = 4184*j - 20937. Determine t(5).
-17
Let c(x) = 96*x - 4441. Give c(41).
-505
Let z(o) = -68*o**2 - 251*o - 7. Give z(-2).
223
Let c(a) = -81419*a - 244233. What is c(-3)?
24
Let z(t) = t**2 - 182*t + 4443. Determine z(29).
6
Let v(i) = 1870*i - 639. Calculate v(-1).
-2509
Let c(m) = 1006*m + 2203. What is c(-2)?
191
Let t(s) = -2*s**3 - 21*s**2 - 106*s - 167. Determine t(-10).
793
Let n(t) = -2*t**2 - 279*t + 865. Give n(-143).
-136
Let k(z) = -z**3 + 10*z**2 - 63*z + 609. What is k(7)?
315
Let g(n) = 156*n - 3919. Determine g(26).
137
Let z(n) = 5*n**2 - 466*n - 17715. What is z(-29)?
4
Let h(l) = l**2 + 1075*l + 153708. Give h(-170).
-142
Let g(o) = -o**3 - 266*o**2 - 13162*o + 19. What is g(-200)?
-7581
Let o(b) = b**3 - 320*b**2 + 403*b - 26792. Calculate o(319).
4
Let b(z) = 1896*z - 581962. Calculate b(307).
110
Let b(h) = 17881*h - 5721907. Give b(320).
13
Let n(g) = -7802*g + 163837. Determine n(21).
-5
Let l(j) = -1475*j + 229595. Determine l(155).
970
Let a(f) = 64*f**2 - 462*f - 513. Determine a(-1).
13
Let j(h) = 7047*h + 655376. What is j(-93)?
5
Let o(y) = y**3 + 143*y**2 + 3646*y + 1775. Calculate o(-110).
15
Let g(a) = -a**3 + 72*a**2 - 5110*a + 389112. What is g(74)?
20
Let b(l) = -l**3 - 33*l**2 + 53*l + 2237. Calculate b(-33).
488
Let y(s) = -5*s**2 - 281*s + 6218. What is y(17)?
-4
Let l(w) = w**3 - 180*w**2 + 1045*w - 89. Determine l(174).
85
Let d(k) = 24*k**2 + 8341*k + 116223. Determine d(-333).
6
Let v(w) = -2*w**3 + 82*w**2 - 63*w + 71. Give v(40).
751
Let g(o) = 173614*o - 694596. Determine g(4).
-140
Let u(j) = 6*j**2 + 205*j - 198. Determine u(-35).
-23
Let l(a) = a**3 + 137*a**2 - 520*a + 6201. Determine l(-141).
-3
Let d(z) = 9*z**2 - 379*z - 92. Calculate d(45).
1078
Let k(p) = 38*p**2 + 136*p - 581. Calculate k(8).
2939
Let s(n) = -n**3 - 31*n**2 + 502*n + 15935. What is s(-30)?
-25
Let v(q) = 13809*q + 38. Calculate v(0).
38
Let y(t) = t**3 + 206*t**2 + 2211*t + 5683. What is y(-7)?
-43
Let d(p) = -18*p**2 - 657*p - 3428. Give d(-6).
-134
Let k(o) = 17*o**3 + 270*o**2 - 21*o + 179. What is k(-16)?
3
Let c(o) = -79*o**2 - 11297*o - 6. Determine c(-143).
-6
Let y(f) = -2506*f + 55519. Give y(22).
387
Let i(g) = -4501*g + 396104. Determine i(88).
16
Let i(f) = 14*f**2 - 4*f + 5. Calculate i(-4).
245
Let o(t) = -8566*t**2 + 256986*t - 158. What is o(30)?
22
Let m(t) = -3*t**2 - 780*t + 129375. Give m(115).
0
Let j(r) = -269169*r - 5383370. What is j(-20)?
10
Let i(t) = t**2 - 111*t + 2126. Determine i(21).
236
Let n(h) = -2*h**3 - 273*h**2 - 8279*h + 194. Determine n(-91).
12
Let y(v) = 118*v + 13461. Determine y(-114).
9
Let u(q) = 306*q**2 - 3599*q - 882. What is u(12)?
-6
Let f(p) = 2*p**3 + 45*p**2 + 339*p - 52. Determine f(-14).
-1466
Let n(a) = -2*a**3 + 49*a**2 + 308*a + 33. Calculate n(-5).
-32
Let u(r) = -21*r**3 - 4*r**2 + 20190*r - 40374. Determine u(2).
-178
Let n(y) = y**3 - 73*y**2 - 1352*y + 90174. Determine n(75).
24
Let t(s) = 678261*s - 4069605. Determine t(6).
-39
Let f(d) = -561*d + 6778. Calculate f(11).
607
Let q(r) = -726*r + 194490. Determine q(268).
-78
Let o(c) = -c**3 + 89*c**2 - 511*c + 184. Calculate o(83).
-895
Let d(z) = 39*z**2 + 322*z + 236. What is d(-7)?
-107
Let g(l) = -6873*l - 86945. Calculate g(-13).
2404
Let u(g) = -10157*g - 304917. What is u(-30)?
-207
Let y(z) = 13*z**3 - 5021*z**2 + 1190*z - 12368. Give y(386).
-16
Let g(l) = 3*l**3 + 275*l**2 - 88*l - 108. Determine g(-92).
-476
Let q(i) = 10*i**2 + 1015*i - 12411. Determine q(-113).
584
Let z(d) = 3*d**3 + 7*d**2 + 87*d + 280. Give z(-3).
1
Let m(t) = -857*t + 86. Calculate m(-1).
943
Let b(c) = -2772*c + 14061. Calculate b(5).
201
Let r(b) = b**3 + 203*b**2 - 8080*b + 744. Determine r(34).
-4
Let v(i) = 102701*i - 102720. Give v(1).
-19
Let v(s) = -292*s - 11771. Give v(-39).
-383
Let b(c) = -29*c - 5615. Determine b(-198).
127
Let p(i) = 68*i**2 - 11*i + 50. What is p(1)?
107
Let v(d) = -7*d**2 - 437*d + 2143. Calculate v(-67).
-1
Let d(r) = 2*r**2 - 25*r - 44. Determine d(10).
-94
Let q(m) = 54*m + 13379. What is q(-180)?
3659
Let x(g) = -421*g - 131080. What is x(-311)?
-149
Let o(z) = 4*z**3 + 182*z**2 + 1729*z - 494. What is o(-14)?
-4
Let g(h) = 3*h**2 - 1441*h + 28949. What is g(21)?
11
Let s(j) = -1089*j**2 - 47910*j + 26. Determine s(-44).
-238
Let l(u) = 12*u**3 - 1872*u**2 + 3712*u - 7. Determine l(2).
25
Let j(i) = i**2 - 42404*i + 508708. What is j(12)?
4
Let c(d) = -23*d**2 + 6569*d - 32849. Calculate c(5).
-579
Let x(q) = q**3 + 120*q**2 + 365*q + 29240. Determine x(-119).
-34
Let v(z) = 8325*z - 507837. What is v(61)?
-12
Let d(p) = -p**3 - 35*p**2 + 497*p - 145. Calculate d(11).
-244
Let i(b) = -26*b**2 - 873*b - 4270. Determine i(-5).
-555
Let m(c) = -1389*c - 5625. Give m(-4).
-69
Let i(h) = -12*h**2 + 206*h - 81. Give i(11).
733
Let j(t) = -194004*t - 12998267. Give j(-67).
1
Let v(q) = -5*q**3 - 122*q**2 - 822*q - 1323. Determine v(-8).
5
Let h(r) = 5*r**3 - 164*r**2 + 714*r - 18. Calculate h(5).
77
Let h(p) = -895789*p + 4478985. What is h(5)?
40
Let w(y) = 2*y**3 - 210*y**2 - 217*y - 6. Calculate w(-1).
-1
Let c(w) = -3*w**2 + 102*w - 1050. What is c(9)?
-375
Let j(n) = 24*n**3 + 307*n**2 - 59*n - 16. Determine j(-13).
-94
Let u(n) = 2*n**3 + 62*n**2 - 5671*n - 93. Calculate u(40).
267
Let t(c) = -2*c**2 - 564*c + 7567. Give t(13).
-103
Let o(h) = -1030*h + 146282. Determine o(142).
22
Let i(c) = -1375*c**2 - 1075252*c - 1552. What is i(-782)?
12
Let r(w) = w**2 + 99*w - 4604. Determine r(33).
-248
Let p(w) = -126*w**2 - 4863*w - 22. What is p(-39)?
-2011
Let c(g) = 4*g**2 - 290*g - 12688. What is c(-36)?
2936
Let f(z) = -49*z**3 + 196*z**2 - 17*z - 31. Determine f(4).
-99
Let c(n) = -292*n - 4272. What is c(-13)?
-476
Let n(y) = -17850*y - 214202. Give n(-12).
-2
Let c(z) = -4057801*z - 12173407. What is c(-3)?
-4
Let i(p) = -3*p**3 - 6*p**2 + 133*p - 123. What is i(-8)?
-35
Let p(k) = -82*k**2 - 54261*k - 39000. What is p(-661)?
-1
Let v(n) = -n**3 + 146*n**2 - 2305*n + 1990. Give v(17).
86
Let n(a) = -438*a - 23013. Determine n(-53).
201
Let d(n) = -102805*n - 25598458. Give d(-249).
-13
Let s(h) = h**3 - 2905*h**2 + 17399*h - 16. Calculate s(6).
14
Let i(v) = -401*v**2 + 20081*v - 1482. Determine i(50).
68
Let x(s) = 43*s**3 + 69*s**2 + 62*s - 5. Determine x(-1).
-41
Let t(c) = -13*c**2 - 644*c + 321. Determine t(-50).
21
Let m(g) = 685*g + 129432. Determine m(-189).
-33
Let v(z) = -38*z - 4005. Calculate v(-51).
-2067
Let a(y) = -17*y**2 + 37*y + 53. Calculate a(2).
59
Le